/4). Let x(w) = -w**2 + 3*w - 2. Give x(f).
-2
Let f(w) = -w**2 - 3*w + 4*w**3 - 2*w**3 + w. Let q = 1 - -3. Suppose 2*h - 24 = q*o, h + 2*o = -0*o - 8. Calculate f(h).
8
Let x(c) = -1. Let b(z) = 3*z + 18. Let m(a) = 2*b(a) + 10*x(a). Let s(t) = -2*t - 9. Let i(g) = 6*m(g) + 17*s(g). Calculate i(3).
9
Suppose -2*j - 12 + 32 = 0. Let k = -7 + j. Let c(r) = 0*r**2 + r**3 - 3*r**2 + 2 - r + 0*r**k. Calculate c(4).
14
Suppose -4*w + 4*z + 22 = -5*w, 0 = z + 3. Let l = -5 - w. Let t(m) = 2*m**2 - l*m**2 - 3*m**2. Determine t(1).
-6
Let p(i) be the second derivative of i**5/20 + 5*i**4/6 + 2*i**2 + 7*i. Determine p(-10).
4
Let l(b) = b**3 - 2*b**2 + 6*b. Let c(g) = -2*g**3 + 3*g**2 - 11*g + 1. Let o(w) = -3*c(w) - 5*l(w). What is o(2)?
15
Let d be (0 + -2)*(-2)/(-4). Let t(c) be the first derivative of c**2 - 1. What is t(d)?
-2
Let y(s) = s + 6. Let j(n) = -n - 3. Let x be j(-3). Let f be (x - 0)*1*1. Give y(f).
6
Let w be 2/(-3)*-2*18. Suppose -3*v + w = -3*q, 2*q + 15 = 4*v - 11. Let c(l) = -2*l + 2. Give c(v).
-8
Let y be (0*(-2)/4)/(-1). Suppose 2*t + 4*x + 18 = y, -x - 15 = -3*t + 7*t. Let s(h) = h**2 - h - 4. What is s(t)?
8
Let a(s) be the first derivative of -s**4/4 + s**3 + s**2 + 2*s + 1. Let w = 6 - 6. Suppose 3*r + w - 2 = -5*i, -3*i = 2*r - 2. Calculate a(r).
-6
Let p(x) = 3*x**3 + 4*x**2 + 4*x - 11. Let g(f) = 2*f**3 + 2*f**2 + 2*f - 6. Let t(w) = -5*g(w) + 3*p(w). What is t(3)?
-6
Let p(k) be the third derivative of 0*k + 1/30*k**5 + 1/8*k**4 - 2/3*k**3 + 0 + 4*k**2. What is p(-3)?
5
Let c = -4 + 5. Let h = 5 - c. Let l(s) = -s**3 + 2*s**2 + 2*s**2 + s + 0*s**3. Give l(h).
4
Suppose 5 = -v - 4*v, -v = 3*a - 2. Let n(z) = -z - 4. Let h(m) = -3*m - 11. Let j(x) = -3*h(x) + 8*n(x). Give j(a).
2
Let n(u) be the first derivative of -5*u**2/2 - 5. Calculate n(-1).
5
Let y = 2 - 4. Let m(o) = 3*o**2 - 84*o - o**3 + 2*o**3 + 84*o - 2. Determine m(y).
2
Let a(d) = -d**3 + 4*d**2 + 7*d - 1. Let c be 0/(((-4)/(-2))/(-2)). Let k = c + 5. Determine a(k).
9
Let v(z) = 3*z**2 + 2 + 0 + 51*z - 49*z. Determine v(-2).
10
Let h(c) be the first derivative of -c**3/3 + 3*c**2 + c - 3. What is h(6)?
1
Let v(w) = 8*w**2 - 7*w - 7. Let r(t) = -t + 7. Let p be r(9). Let o(d) = 3*d**2 - 2*d - 2. Let y(s) = p*v(s) + 7*o(s). Give y(-1).
5
Let f(m) = -m**3 + 4*m**2 - 5*m + 4. Suppose -5*q - 3*c + 63 = 0, 8*q = 3*q + c + 59. Let l be (-9 + q)*(-8)/(-6). What is f(l)?
-16
Let b(q) = q - 1. Let w be 3/((-2)/(-2)) + 0. Determine b(w).
2
Let n = -10 - -19. Let p be (-2)/3*n/(-2). Let j(v) = -v**3 + 2*v**2 - 2*v + 3. Give j(p).
-12
Let p(i) = -i**2 - 5*i + 1. Let y = 2 - 0. Let o = y - 3. Let s be o*(4 + 0) - 1. What is p(s)?
1
Let q(p) = 2*p - 4. Let y(c) = c**2 - 4. Let s be y(-3). Determine q(s).
6
Let q = -97 - -99. Let h(m) = -m**3 + 3*m**2 - 2. Give h(q).
2
Let c(i) = -i**2 - 7*i + 6. Suppose 0 = -7*p - 50 + 1. Give c(p).
6
Let m(o) be the third derivative of o**6/120 + o**5/30 - 5*o**4/24 - o**3/2 - o**2. Suppose -3 = -8*h + 9*h. Determine m(h).
3
Let g(u) = -u**2 - 10*u + 4. Let a be (-5)/(20/16)*(-22)/(-8). Give g(a).
-7
Let t(s) = -7*s + 3. Let w(y) = 20*y - 10. Let m(i) = 11*t(i) + 4*w(i). Let f = 4 + 1. What is m(f)?
8
Let v(b) = 2*b**2 - 5*b + 3. Let x(q) = -6*q**2 + q - 1. Let p be x(1). Let a(k) = k + 14. Let f be a(p). Let o = f + -5. Determine v(o).
6
Let w(i) = i**3 - 11*i**2 - i + 16. Let j = -75 - -86. Determine w(j).
5
Suppose 0 = -3*r + 5*i - 41, -i + 30 = -2*r + 3*i. Let k(x) = -x - 10. Determine k(r).
-3
Let x(c) be the first derivative of -1/2*c**2 + 1/3*c**3 - 2*c + 1/4*c**4 + 5. Give x(-2).
-4
Let g(a) = -3*a + 3. Let f(m) = m - 1. Let x be 58/(-8) - (-5)/20. Let y be f(x). Let k = -6 - y. Calculate g(k).
-3
Let m(n) be the second derivative of -n**5/20 - n**4/3 + n**3/2 - 3*n**2 - 36*n. Suppose 3*o = 10 + 5. Suppose -o*g + 4 = 29. What is m(g)?
4
Let c(k) = k**3 - 5*k**2 + 6*k. Let y be (-4)/6 - (-11)/3. Suppose -12 = -0*p - y*p. What is c(p)?
8
Let a = 0 + 0. Let r(v) = 4*v - 5*v + a*v. Calculate r(2).
-2
Let z(t) be the first derivative of -t**4/4 + 4*t**3/3 - t**2 - t + 4. Let j be z(2). Let c(p) = 0*p + 2*p - 3 + 0 - j. What is c(5)?
4
Let c(y) = y + 10. Let i be c(-8). Suppose -i*o - 1 = -7. Let p(b) = -b**3 + 2*b**2 + 4*b - 2. What is p(o)?
1
Let a(j) = -9*j - 8. Let n(b) = 8*b + 7. Let m(o) = 6*a(o) + 7*n(o). Calculate m(4).
9
Let m(p) = -23*p**2 - 4*p + 6 + 17*p**2 - p**3 + 0*p. Suppose 2*g - 5 = 3*g. Give m(g).
1
Let o(y) = 7*y**2 + y - 1. Let q be o(1). Suppose -2*c - q - 3 = 0. Let s(t) be the third derivative of t**5/60 + 7*t**4/24 + t**3/3 + 7*t**2. What is s(c)?
-8
Suppose 0*n + 2 = -5*n + 4*j, 2*n - 19 = -5*j. Let c(z) be the first derivative of 2 - 1 + 2*z - 2 + z**2. What is c(n)?
6
Let s(i) = 6*i**2 - 16*i + 2. Let o(w) = -w**2 + w - 1. Let a(u) = -5*o(u) - s(u). Let l be a(11). Let c(n) = 2*n**2 - 4*n + 2. What is c(l)?
8
Let d(x) be the first derivative of -x**2/2 - x - 4. Let c be d(4). Let q(r) = r**2 + 2*r - 4. Determine q(c).
11
Suppose 6 = -3*k + 6*k. Let f(v) = v**3 + v**2 + v. Let y(a) = 6*a**3 + 4*a**2 + 6*a. Let q(n) = -5*f(n) + y(n). Calculate q(k).
6
Let r = -6 - -11. Let j(k) = -k**3 - 1. Let h(c) = -3*c**3 + 5*c**2 + c - 3. Let p(l) = -h(l) + 2*j(l). Give p(r).
-4
Let k(t) = 2 + 3*t + 0*t**2 - 8*t**2 + 6*t**2. Calculate k(3).
-7
Let o(y) = 14*y**2 - 15*y - 23. Let h(z) be the first derivative of 5*z**3/3 - 5*z**2/2 - 8*z - 3. Let c(s) = 17*h(s) - 6*o(s). Determine c(-4).
-2
Let m = -32 - -22. Let b(x) = -x - 5. Let t be b(m). Suppose -3*a - 2*s = -t, -4*a - 18 = -4*s + 2. Let k(h) = -4*h**2. Calculate k(a).
-4
Let q = 7 + -5. Suppose -4*t = -c - 8, q*c - t - 2 = -2*t. Let r(z) = -z + 11. Give r(c).
11
Let h(b) = -99*b + 100*b - 7 + 1. Calculate h(0).
-6
Let w(r) be the second derivative of -1/6*r**3 - 1/360*r**6 + 0*r**4 - 1/30*r**5 - 3*r + 0*r**2 + 0. Let f(c) be the second derivative of w(c). Give f(-3).
3
Let c(q) = -3*q**3 + 6*q**2 + 9*q + 6. Let z(k) = k**3 - 2*k**2 - 3*k - 2. Let j(f) = 3*c(f) + 8*z(f). Calculate j(4).
-18
Let d(h) = h**3 + 6*h**2 + 4*h - 2. Let i be d(-5). Let m be (1 - 3) + (-10)/(-2). Let j(w) = 7*w - 4*w + 0*w**3 + w**2 + 1 - w**m + 2. What is j(i)?
-6
Let o(d) = 3*d**2 + 2. Let h(g) = -g - 12. Let u be h(-10). What is o(u)?
14
Let i(d) = -d**2 - 6*d - 1. Let k be i(-4). Let r(w) = 24*w**2 + 3*w - 1 - k*w - w**3 - 18*w**2. What is r(5)?
4
Let w(s) = s**2 + 7*s + 9. Let x(n) = -2*n + 6. Let g(k) = -3*k + 12. Let b(q) = 6*g(q) - 10*x(q). Let t be b(-9). Give w(t).
3
Let h(r) = r**2 - 8*r + 3. Let v be h(7). Let k(l) = l**2 - 14*l - 3. Let i(x) = 7*x + 2. Let j(c) = -5*i(c) - 2*k(c). Determine j(v).
-8
Let d(w) = 4*w**2 - 6*w + 9. Let s(m) = m**2. Let q(o) = -d(o) + 5*s(o). What is q(-8)?
7
Let l be 3/5 - 56/10. Let x = 10 + l. Let u(i) = -x + 2 + 3*i - 7*i. What is u(-2)?
5
Let a(i) = -8*i - 13. Let m(u) = -7*u - 11. Let g(n) = 5*a(n) - 6*m(n). Give g(4).
9
Suppose 0 = -d + 4*d - 24. Suppose -5*g + 15 = -3*x, -4*x = -d*x + 20. Suppose 2*t - g*t = -4. Let r(o) = -5*o**3 - o**2 + 2*o - 1. Give r(t).
-5
Let q be (-22)/(-33)*36/2. Let g(w) = w - 12. Let b be g(q). Let y(r) = r + 6. Determine y(b).
6
Let z(j) = 4*j**2 - 5*j + 2. Let n be 2/(-1) + -12 + 9. Let o(w) = 5*w**2 - 5*w + 3. Let l(u) = n*o(u) + 6*z(u). What is l(-4)?
1
Let n be (3 - 0/(-4)) + -4 + 4. Let l(w) = -2*w**3 + 5*w**2 - 2*w - 3. Give l(n).
-18
Let n(v) = v**2 - 5*v + 1. Let x be n(3). Let d(b) = -b**2 - 7*b - 7. Determine d(x).
3
Let y(l) = 3*l**3 - 2*l**2 + l. Let d be y(1). Let s(i) be the second derivative of -i**3/2 + i**2/2 - 12*i. Calculate s(d).
-5
Let c(h) be the third derivative of h**4/4 - 2*h**3/3 + 6*h**2. Give c(3).
14
Let h(t) = -2*t**3 - 1. Let c be 1/(-1)*(2 - 1). Calculate h(c).
1
Let f(d) = d**2 - 2*d + 1. Let b be f(3). Let a(c) = 4 + 0*c**3 - 4*c - 3 - c**3 + b*c**2. Give a(3).
-2
Suppose 0 = 3*m - 1 - 2. Let d(h) be the third derivative of -h**6/30 + h**5/30 - h**4/24 + 6*h**2. What is d(m)?
-3
Let x(s) = 6*s - 2*s**2 - 6 - 11*s**2 + 14*s**2. Determine x(-6).
-6
Let a(r) = r**3 + 4*r**2 - 1. Let f(w) = -w**3 + 5*w**2 + 2. Let x be f(5). Let s(u) = 2 - 3 - 3*u - x + 2. Let y be s(1). Determine a(y).
-1
Let s(w) = 29*w**3 - 13*w**2 - 5*w - 13. Let o(x) = -7*x**3 + 3*x**2 + x + 3. Let y(p) = -9*o